e p(b).
-6
Suppose -q - 2*j - 6 = 3*q, 18 = 3*q - 3*j. Suppose -2*s = b - 1, 0 = -0*b + 4*b + 5*s - q. Let v(t) = 3*t**2. What is v(b)?
3
Let z(i) be the first derivative of i**3/3 - 5*i**2/2 - i - 2. Let c be z(4). Let x(j) = j**2 + 3*j - 6. Determine x(c).
4
Suppose -4*s = -s - 12. Suppose s = 4*k + 4*n, -5*k - 3*n + 15 = -8*n. Let f(z) = -k*z - 1 - z - 2*z. Calculate f(1).
-6
Let s(u) be the third derivative of -u**6/120 - u**4/24 + 25*u**2. Give s(-2).
10
Let q(k) = k**3 - 8*k**2 + 8*k - 2. Suppose -3*c + 39 = -4*t + 2, 0 = -2*t + 4*c - 26. Let r = t + 14. Calculate q(r).
5
Let n(a) = 2 - 2*a + 3*a - a - a. Suppose 2*u - 3*b = -11 - 4, -3*u - 12 = -b. What is n(u)?
5
Let c(n) be the second derivative of -n**3/6 - 4*n**2 - 4*n. Determine c(-8).
0
Let l(j) be the first derivative of j**4/4 - 4*j**3/3 - 3*j**2/2 + 6*j + 1. Calculate l(4).
-6
Let z(f) = -2*f**2 - 5*f - 5. Let m(y) = -y**2 - 3*y - 3. Let k(q) = -5*m(q) + 2*z(q). Determine k(-4).
1
Let d(h) = 3*h - h**2 - 6*h**2 - 2*h + h**3 + 3*h**2 + 2. Give d(3).
-4
Let p(o) = 0*o + o**2 - 3*o - 9 + 4*o + 0*o. Let j be ((-27)/15 + 1)*5. Let v = j - -4. Calculate p(v).
-9
Suppose 3*a + 2 = 26. Let b(u) = -a*u - 1 + 3 - 3 + u. What is b(-1)?
6
Let p(q) = -1. Let o(u) = -11*u - 5 + 2 + 10*u. Let k(l) = -l**3 + 7*l**2 - 7*l + 7. Let c be k(6). Let v(g) = c*o(g) + 3*p(g). Give v(-4).
-2
Let v(h) = h**3 - 4*h**2 - h + 2. Let s = 14 + -8. Let w be -2 - -4*s/4. Give v(w).
-2
Let v(l) = -l**2 + 6*l - 3. Let q = 10 - 4. Give v(q).
-3
Let l(y) = 154*y - 140. Let m(s) = 13*s - 12. Let t(h) = 3*l(h) - 35*m(h). Let a(o) = o**3 + 3*o**2 + 2*o + 2. Let b be a(-2). Calculate t(b).
14
Let a(w) = -w**2 + 16. Let n be a(-4). Let t(g) = 4*g**3 + 12. Let f(j) = -11*j**3 - 35. Let k(z) = 3*f(z) + 8*t(z). What is k(n)?
-9
Let z(u) = -1 + 10*u**3 + 12*u - 10*u - 3*u. Calculate z(-1).
-10
Let g(q) = -2*q + 7. Suppose 0 = -35*n + 30*n. Suppose 2*v + n = 12. Calculate g(v).
-5
Let k be (0 - 2) + (0 - -7). Suppose -k = -4*j + 3*j. Let z(w) = -5*w - 2*w + j*w + 6. Determine z(4).
-2
Let r(j) = 3*j - j**2 + 5 + 2*j + 7 - 16. Determine r(5).
-4
Let h(x) = x**2. Suppose 2*b = -2*v - 12, 0 = -2*v - v + 4*b + 17. Give h(v).
1
Let t(x) = 11*x + 5 + 2*x**3 - x**3 - 14*x - 3*x**2. Determine t(4).
9
Suppose -6 = -2*d + 5*a + 5, -a - 10 = -3*d. Let k(y) = y**2 - 4*y + 4. Let v be k(d). Let i(h) = 3*h. Calculate i(v).
3
Let h(n) = n**2 - 7*n + 8. Let x be h(6). Let v(j) be the third derivative of -1/24*j**4 + 4*j**x + 0*j + 0 - 1/60*j**5 + 1/6*j**3. Determine v(-3).
-5
Let a(m) = 2*m - 3. Let i(y) = 4*y - 6. Let z(u) = 5*a(u) - 2*i(u). Let t(b) = -b**2 - 5*b + 4. Let s be t(-5). Calculate z(s).
5
Suppose -4*h - 2 + 6 = 0. Let p(r) = -6*r**2 + 2*r - 1. Determine p(h).
-5
Let h(q) = q**2 + 3*q + 3. Let i = -1 - -3. Suppose -2*f - i*f - 4*w + 8 = 0, -5*f - 5 = 2*w. What is h(f)?
3
Let v(n) = -n**2 - n - 3. Let d = -14 - -14. Let w = 0 + d. Give v(w).
-3
Let t(v) = v**3 - 2*v**2 - v - 1. Let x(j) = j**3 - 3*j**2 - j - 2. Let k(y) = -4*t(y) + 3*x(y). Suppose 0 = -2*d, 6*c + d = 4*c. Give k(c).
-2
Let l(b) = 5*b - 4*b + 58*b**3 - 127*b**3 + 64*b**3. Let o be 2/(-4)*(4 - 2). Give l(o).
4
Let n = 4 + -3. Suppose -1 = t + 4. Let v(d) = 5*d**2 - 7*d + 7. Let r(i) = 2*i**2 - 4*i + 4. Let o(s) = t*r(s) + 3*v(s). What is o(n)?
5
Let q(k) = 2*k. Let l = -10 - -14. Suppose 3 = a + w + 4, 5*a + l*w = 0. What is q(a)?
8
Suppose 4*j - 2 = m, -3*m + 0*m = -4*j - 2. Let s(y) = 4*y**2 - 1. Calculate s(j).
3
Let b(k) = 3*k**3 - 6*k**2. Let q(p) = 7*p**3 - 13*p**2. Let h(a) = 9*b(a) - 4*q(a). Suppose z - 20 = 11*z. Determine h(z).
0
Let z(n) = -n**2 - 6*n - 2. Let v(g) = g**3 + 11*g**2 + 18*g - 5. Let k be v(-9). Give z(k).
3
Let d(c) = -7*c + 3. Let n(v) = -36*v + 16. Let l(g) = -11*d(g) + 2*n(g). Determine l(-1).
-6
Let d(q) = q - 6. Suppose -x + 2 + 14 = 0. Let s = x - 10. Calculate d(s).
0
Let j(d) = d**3 + 2*d**2 + 2. Let t = 4 - 1. Let u be (4 + -3)/t*-6. Calculate j(u).
2
Suppose g + 0*g + 5 = 0. Let b(m) = 3*m + 2. Let n(l) = -16*l - 10. Let o(t) = 22*b(t) + 4*n(t). Give o(g).
-6
Let o(m) = -m**3 - 4*m**2 + 7*m + 2. Suppose -55 = 3*a + 8*a. Determine o(a).
-8
Let i(m) be the third derivative of m**8/20160 - m**7/1680 - m**6/360 + m**5/60 + m**2. Let t(g) be the third derivative of i(g). Determine t(4).
2
Suppose 0 = -4*z - 5*k - 23, -3*z - 2 = k + 7. Let p(t) = -3*t. Calculate p(z).
6
Suppose i = -5*q + 7, i - 2*q + 11 = -q. Let y(c) = c**3 + 9*c**2 + 8*c - 4. Let d be y(i). Let n(t) = t**3 + 4*t**2 + t + 4. Determine n(d).
0
Suppose -2*f = -2 - 4. Let m(x) = 9*x**2 - 3*x. Let t(b) = -8*b**2 + 3*b. Let h(a) = -6*m(a) - 7*t(a). What is h(f)?
9
Let q(x) = x**2 + 6*x + 4. Let d = 8 + -3. Let h = -6 + 10. Suppose h*a = -11 - d. What is q(a)?
-4
Let i(r) = -r**3 - 7*r**2 + 10*r + 12. Let g(u) = 5*u + 2. Let d be g(-2). Determine i(d).
-4
Let b(d) be the first derivative of 2/3*d**3 - 5 - 1/2*d**2 + 2*d. Give b(2).
8
Let k(f) be the first derivative of -2*f**3 + f**2 + f - 1. Give k(-1).
-7
Suppose 2 - 6 = -f, -2*k - 18 = -2*f. Let b(n) = -n**3 - 4*n**2 + 4*n - 1. Let t be b(k). Let c(p) = -6*p**2 + 1 - 3 - p**3 - t - 7*p. What is c(-5)?
4
Let z(o) = -2*o - 9. Let v(l) = 5*l + 18. Let a(j) = -3*v(j) - 7*z(j). Suppose 0 = 3*g - 4*f - 16, -5*g + f - 19 = -10*g. Give a(g).
5
Suppose -5*n - 4*k + 30 = 0, -5*n + 3*k + 30 = k. Let o(f) = -5 - 2 - f**2 + n - f. What is o(-3)?
-7
Let u(q) = -q + 8. Let x be u(9). Let k(p) = -3*p + 2. Determine k(x).
5
Let q = 3 + 1. Suppose f = -q*f. Let w(a) = -a**3 + a**2 + 4. Determine w(f).
4
Let s be (-2)/(-5) + (-3128)/20. Let p be s/(-16)*(-8)/(-3). Suppose m + 5*g = g + 14, 4*m - p = -g. Let r(w) = w - 4. Determine r(m).
2
Let t(z) = -5*z**3 - 13*z**2 - 8*z - 3. Let a(o) = 14*o**3 + 38*o**2 + 24*o + 8. Let d(b) = 6*a(b) + 17*t(b). Determine d(8).
-3
Let d(t) = 0 + 4 - 1 - t. Let p(o) = -o**3 - 6*o**2 + 4. Let z be p(-6). What is d(z)?
-1
Suppose 0 = 7*t - 4*t - 9. Suppose -6 = c - t. Let i(b) = b**2 + 6*b - 1. Calculate i(c).
-10
Let n = 8 + -10. Let j(z) = 1. Let t(g) = -g - 4. Let i(d) = 4*j(d) + t(d). What is i(n)?
2
Let b(c) be the first derivative of c**2 + 4*c + 1. Suppose -4*f - 10 = -h - h, 0 = f + h + 4. Let o be f*2/3*2. Calculate b(o).
-4
Let b(y) = -2 + 174*y**2 - y**3 + 4*y - 88*y**2 - 91*y**2. Calculate b(-6).
10
Let w(o) = o + 17. Let g be w(-8). Suppose 5*h = -g - 1. Let k(x) = -x + 9. Let z(p) = -3. Let i(t) = -2*k(t) - 7*z(t). What is i(h)?
-1
Let g(l) = 6*l**3 + l**2 + l + 1. Suppose -3*s = 8*s + 11. Calculate g(s).
-5
Let a(u) = 26*u - 9. Let q(t) = 17*t - 6. Let d(y) = -5*a(y) + 8*q(y). Give d(2).
9
Suppose 4*j + 2*v = 12, j + 5 = 2*v + 3. Let i(y) = -5*y + j - 4 + 5 - 1. Suppose 0 = -3*p + 3 + 3. What is i(p)?
-8
Suppose -5*l - 7 = 3. Let k(y) = 2*y**3 - 2*y + 1. Calculate k(l).
-11
Suppose 3*l + 4*x = 23, 0 = -2*l - 2*l - 5*x + 29. Suppose 4*c = -w - 14, -c = 6 - 2. Let k be (w + l)/((-6)/8). Let o(m) = m**2 + m - 1. Give o(k).
11
Let k(l) = -81*l + 33. Let b(f) = 5*f - 2. Let z(d) = 33*b(d) + 2*k(d). Suppose -11 = 4*v - i - 4, -4*v = -4*i - 8. Give z(v).
-9
Let j(n) = -n**3 - n**2 + n + 8. Let u(i) = 5*i**2 - 2*i - 1. Let z be u(-1). Let l be 36/10 + z/15. Suppose 2*x - 3*s + 3 = -x, 4*s = 2*x + l. Calculate j(x).
8
Suppose -5 = x + 5. Let v be x*(1 - 9/6). Suppose l = -4*j - v, 4*j + 14 = 5*l + 39. Let s(f) = f**3 + 5*f**2 - f - 6. Calculate s(l).
-1
Let i(j) be the first derivative of -j**4/4 + j**3 - j**2 + 3*j - 4. Let m be -3 - -5 - (-2 + 2). What is i(m)?
3
Suppose -3*t = -2*t. Let w(j) = -j**3 - j**2 + 16. Give w(t).
16
Suppose 6*v + 2*v = 24. Suppose 4*p - 4 = -0. Suppose v*q = 2*q + p. Let h(l) = -4*l**3 + l**2 - 1. Calculate h(q).
-4
Let f(j) = -2 - 1 + 9 - 2*j. Let t(w) = -w. Let n be t(-4). Calculate f(n).
-2
Let v(j) be the second derivative of -j**3/6 - j**2/2 + j. Let b be 1 - (30/(-5))/(-6). What is v(b)?
-1
Let v(q) = 9 - 7 - 2*q - 3*q + q**2. Let o(d) = -d**3 - 9*d**2 - d - 4. Let t be o(-9). Determine v(t).
2
Let c(w) = -w**2 + 9*w - 2. Let g(l) = -l**3 + 6*l**2 + 9*l - 6. Let n be g(7). Determine c(n).
6
Let n(d) = -2*d. Suppose 0*o = -o + 2, 0 = 5*i - 5*o. Calculate n(i).
-4
Let d(w) = -w - 5. Let p be (13 - 24) + (-6)/(-2). Give d(p).
3
Let q(d) = 11*d**3 - d + 1. Let b